ve of g**3/6 + 6*g**2 - 7*g. Let y be z(-10). Let r(x) = -2*x + 3*x + y*x. Determine r(-2).
-6
Let z be 12*(3 - (-10)/(-4)). Suppose -26 + z = -4*q. Let s(l) = 0*l - q*l + l + 1. Calculate s(2).
-7
Let k be 50/4 + 8/(144/(-27)). Let o(h) be the first derivative of 2*h + 0*h**2 - 4/3*h**3 + 1/4*h**4 - k. What is o(4)?
2
Suppose 5*t + 2*d - 5*d - 14 = 0, 0 = -4*t + 2*d + 10. Suppose -t + 4 = n. Let f(p) be the third derivative of -p**4/24 - p**3/2 + 2*p**2. Determine f(n).
-6
Suppose 405 = -4*v - 5*a, -v - 6 = -4*a + 90. Let b be (-2)/(-3) - v/(-15). Let g(s) = -s**2 - 7*s - 5. Let j be g(b). Let m(f) = -7*f**2 + 1. Determine m(j).
-6
Let j(w) be the first derivative of -w**3/3 - w**2/2 + 31*w - 342. Determine j(5).
1
Let d = 522 + -519. Let o(h) be the second derivative of -7*h**3/6 + 3*h**2/2 + h. Determine o(d).
-18
Let b(g) be the first derivative of g**6/360 + g**5/40 - g**4/8 + 11*g**3/3 + 7. Let v(o) be the third derivative of b(o). What is v(3)?
15
Let h be (-12)/(-10)*10/3. Let r(y) = -3*y + 4. Let u(d) = 4*d - 4. Let v(m) = -3*r(m) - 2*u(m). Let q(a) = a - 7. Let x(s) = -2*q(s) + 5*v(s). Give x(h).
6
Let i(j) be the first derivative of j**2/2 - j + 201. Give i(2).
1
Let l(v) = 2*v**2 + 2*v - 2. Let m be (-12*8/(-12))/(-1). Let j be 6/(-9) - m/3. Let d(s) = s**2 - 3*s - 1. Let h be d(j). Give l(h).
10
Suppose 14*k = 16*k + 14. Let r(m) = -m**2 - 9*m - 5. Determine r(k).
9
Let v(p) = 26*p + 2 - 3*p**3 + 5*p**3 - 29*p - p**2. Determine v(2).
8
Let w(u) = -u - 3. Let m be w(-2). Let n(l) = -3*l + 6. Let t(s) = -1. Let a(z) = 3*z. Let p(k) = a(k) + 5*t(k). Let j(h) = -4*n(h) - 5*p(h). Determine j(m).
4
Suppose -k + 3*l + 21 = 0, -k + l + 95 = 3*k. Let z = k - 25. Let s(v) = 7*v**3 - 6*v - 2. Let m(d) = -d**3 + d**2. Let i(r) = z*s(r) - 6*m(r). What is i(-7)?
9
Let f be (24/28)/((-2)/(-14)). Let w(a) = 14*a - 1 - 3 - 15 - 5*a. Let i(g) = -5*g + 10. Let t(x) = f*w(x) + 11*i(x). Give t(-5).
1
Let h(b) = -b**3 + 3*b + 3*b - 6*b. Let w be 6/(-2) - (2 - 7). Give h(w).
-8
Let l(q) = q**2 - q - 1. Let v(o) = -o**3 + 3*o**2 - 4*o - 9. Let a(r) = -3*l(r) + v(r). Let w(f) = f**3 + 21*f**2 + 41*f + 57. Let j be w(-19). Determine a(j).
-6
Let j be 12 - (36/(-15) - 6/(-15)). Let z be j/(-4) - (-18)/(-12). Let k(w) = w**3 + 4*w**2 - 2*w + 7. Determine k(z).
-8
Let s(u) = 4*u + 1 - 6 + 25*u**2 - 26*u**2 - 2*u + 2*u. Let p be (4/3)/((-2)/(-6)). Determine s(p).
-5
Suppose a - 3*x = -2*a + 21, 5*a - 4*x = 34. Let s(m) = -m**2 + 7*m + 3. Calculate s(a).
9
Suppose 4*i - 15 - 49 = 0. Suppose -19 = -7*f + i. Let m(k) = -k + 8. What is m(f)?
3
Suppose 0*h = 4*l + 2*h + 16, 2*l = h - 12. Let y(j) = 2*j - 3. Calculate y(l).
-13
Let m(x) = -x**2 - x + 25. Let u be 16/88 + 2/(-11). Determine m(u).
25
Let i(v) = 6 - 10 + 5 + 4*v**2 - 7*v**2. Let c(x) = x + 1. Let b be c(-2). Let p be i(b). Let n(o) = -4*o - 2. Give n(p).
6
Suppose 4*f + 2 = 10. Let j(x) = -2*x**f - 13 + 13 + x**2. Suppose -2*i = i + 6. Give j(i).
-4
Let f(d) = d**2 - d - 7. Let j = -12 + 14. Suppose -69 = -j*b - 5. Let l be b/272 + (-2)/17. Determine f(l).
-7
Let p(q) be the third derivative of q**4/24 - 2*q**3/3 - 8*q**2 - 2*q. Determine p(-3).
-7
Let m(h) = 4*h**2 + 24*h + 31. Let u be m(-4). Let a(s) be the first derivative of -s**3/3 - s**2/2 - 3. What is a(u)?
0
Let d(j) be the second derivative of 0*j**3 + 1/4*j**4 - 1/10*j**5 - j**2 - 7*j + 0. Suppose -2*w = 5*s - 6, -s - 4*w - 5 - 1 = 0. Determine d(s).
-6
Let y(r) = 2*r + 4. Let v(i) = i + 2. Suppose 0 = 14*j - 4*j + 60. Let c(z) = j*y(z) + 11*v(z). Let u be -1*5/((-3)/3). Calculate c(u).
-7
Let k(x) be the third derivative of -x**5/60 - x**4/24 + x**3/6 - 14*x**2. Let n be 24/(-7)*(-35)/10. Let z be ((-4)/n)/(2/18). What is k(z)?
-5
Let h(b) = 2 + 8*b - b**3 + 0*b**2 - 9 + 5*b**2. Suppose 0*t + 32 = 4*t - 2*m, 3*t - m = 22. Determine h(t).
5
Let n = -13 + -7. Let v = -23 - n. Let j(p) = p**2 - 1. What is j(v)?
8
Let g(c) = -c**2 + 9*c + 2. Let l(z) = -5*z + 15. Let n(p) = -6*p + 14. Let s(v) = -3*l(v) + 2*n(v). Let d be s(9). What is g(d)?
-8
Suppose -5*d + 6 = -7*d. Let r(b) = -91*b - 88*b - 4 + 264*b - 87*b. Calculate r(d).
2
Let f(i) = 2*i - 1. Let u(l) = -1. Let s(z) = -f(z) - 6*u(z). Let n(a) = -a**2 + 11*a - 19. Let b be n(8). What is s(b)?
-3
Let h(s) = 20*s. Let y be 4/(7/((-21)/15) + 7). Determine h(y).
40
Let m(t) = t**2 + 4*t - 3. Let k = 6 + -6. Suppose 5 = -o, -4*l + 0*o + o + 21 = k. Suppose l*g = -0*g - 20. Determine m(g).
2
Let y(f) = f**2 + 8*f + 9. Let l(d) = d**2 + 8*d - 3. Suppose -3 - 15 = 2*h. Let i be l(h). Suppose 3*q - 18 = i*q. What is y(q)?
-3
Suppose -2*z + 4*z = 14. Let d(l) be the first derivative of l**3/3 - 4*l**2 + 10*l + 49. What is d(z)?
3
Let l(y) = -y**3 + 6*y**2 + y. Let o = -12 + 21. Let i(m) = -m**3 + 10*m**2 - 7*m + 3. Let p be i(o). Suppose 2*a - p = -9. Give l(a).
6
Let a = -5 + 9. Suppose 5*d + 0*n = -4*n + 22, -5*d - 3*n = -24. Let r(y) = 4 + y + 7 - d. Calculate r(a).
9
Let t = 13 - 23. Let j = 13 + t. Let x(d) = 5*d + d**3 - j*d + 11 + 4*d**2 - 8. Give x(-3).
6
Let s(k) = -7*k**3 - 15*k**2 - k + 5. Let a(d) = 12*d**3 + 28*d**2 + 2*d - 10. Let v(o) = -4*a(o) - 7*s(o). Calculate v(7).
-2
Let i(x) = 2*x + 9*x + 5*x**3 - 11*x - x. Determine i(-1).
-4
Let r(h) = 9. Let k(o) = o + 1. Let m(v) = 3*k(v) - r(v). Let z(b) = b - 2. Suppose 18*l - 16*l - 14 = 0. Let u(w) = l*z(w) - 2*m(w). Determine u(1).
-1
Let x(s) be the third derivative of -s**6/120 + 7*s**5/60 - 5*s**4/24 - s**3/6 + s**2 + 275. Calculate x(4).
27
Let u(l) = -l**3 + 4*l + l - 3*l + 4*l + 1 - 5*l. Let g(f) = -f**3 - 6*f**2 - 4. Let c be g(-6). Let n = 3 + c. Give u(n).
1
Let q(o) = -3*o + 6 + 8*o - 6*o. Suppose -3*i + 8*i = 0. Give q(i).
6
Let o(q) = -3*q**3 - 15 + 10*q**2 + 2*q**3 + 21 + 6. What is o(10)?
12
Let q(x) be the second derivative of -x**3/3 - 3*x**2 - 41*x. Let t be q(-5). Let y(o) = o + 5. Calculate y(t).
9
Let b(f) = -f**3 - f**2 + f + 6. Let t = -35 - -36. Suppose 2*v = 1 - t. Give b(v).
6
Suppose 5*z - 2*x = 2 + 60, 5*x + 65 = 5*z. Suppose 0 = 4*n - 5*q + q - z, -4*q = 0. Let y(h) = -h - h - h**2 + n + 8*h**3 - 4. Determine y(-1).
-8
Let u(o) = -o**3 + 5*o**2 - 4*o + 2. Suppose l = -4*k + 12, 0 = -2*k + l - 2*l + 4. Calculate u(k).
2
Let k(l) = 4*l + 4. Suppose g - 4 = 1, 3*g = 4*p - 65. Suppose -o = -3*o + p. Suppose 3*i + 2*a + 14 = 0, 2*a = 3*i - 0 + o. Calculate k(i).
-12
Let u = 17 - 15. Suppose 1 + 0 = -o + 2*h, -h + 2 = -2*o. Let m be -3 + u/(-2)*o. Let i(k) = -2*k**3 - 2*k**2 - 2*k - 3. Determine i(m).
9
Suppose 0 = -2*i - 0*i - 4. Let g be 171/38*4/6. Let d be -2*(-1)/i*g. Let q(m) = 2*m + 2. Calculate q(d).
-4
Let i(j) = -j - 10. Let t = -16 + 9. Let m be i(t). Let u be 1*(3 + m) + 2. Let p(f) = 5*f - 3. What is p(u)?
7
Let h = 1228 - 1221. Let y(l) = 3*l - 19. What is y(h)?
2
Let i(l) be the third derivative of -l**6/120 + l**5/30 + l**4/24 + 7*l**3/6 - 4*l**2. Calculate i(3).
1
Let w(c) = 2*c**2 - 3*c - 2. Let d(g) be the third derivative of 0*g + g**3 + 1/4*g**4 + 2*g**2 + 1/12*g**5 + 1/120*g**6 + 0. Let h be d(-4). Give w(h).
12
Let w(c) = -4651 + 9313 - 4658 + c**3 - 3*c**2. Give w(2).
0
Suppose -o = 3*p + 4 - 7, 3*p = -3*o + 9. Let k(i) be the second derivative of 1/3*i**4 + p + 1/2*i**2 + 1/20*i**5 + 8*i + 1/2*i**3. What is k(-2)?
3
Let z be 4/6*18/3. Let l(o) = -o. Let j(r) = 5*r + 8. Let d(y) = -1. Let g(x) = 5*d(x) + j(x). Let s(c) = -g(c) - 4*l(c). What is s(z)?
-7
Let g(w) = -3*w**3 + 4*w**2 + 5*w - 2. Let l(x) = 4*x**3 - 5*x**2 - 6*x + 2. Let c(o) = -3*g(o) - 2*l(o). Give c(3).
2
Let m = 26 + -30. Let k(h) be the first derivative of -h**3/3 - 2*h**2 - 2*h - 1. What is k(m)?
-2
Let g(k) = -3*k**2 - 12*k - 19. Let m(d) = -7*d**2 - 23*d - 40. Let n(u) = 9*g(u) - 4*m(u). Determine n(16).
-11
Let p = -4 - -22. Let j = 22 - p. Suppose 5*d + 40 = j*v - 0*v, 4 = -d. Let q(i) = -i - 3. Calculate q(v).
-8
Let f be 1/4 - (-22)/8. Suppose -9 + 15 = -f*k. Let o(j) = 5*j**2. Give o(k).
20
Let n(a) = 2*a**2 - 4*a + 1. Let v(m) = 7*m + 3. Let i be v(1). Suppose 0 = 3*r - i - 2. What is n(r)?
17
Let q(v) = -v**3 + 9*v**2 - 11*v - 16. Let o be (3/2)/((-75)/(-350)). What is q(o)?
5
Let n(t) = -2*t + 5. Suppose -j - 3 = -5*b + 11, -5*b + 3*j = -22. Suppose 9*x - 50 = -5. Suppose 0 = b*m - w - 9, -x*m - w + 26 = -0